3
-364
Convert 20a78 (base 11) to base 15.
90d7
What is 545f (base 16) in base 13?
9aa6
Convert 14488 (base 9) to base 3.
111112222
Convert -2ab7 (base 16) to base 15.
-3390
2440 (base 6) to base 10
600
Convert -6c91 (base 13) to base 6.
-154544
What is 381 (base 9) in base 12?
224
Convert 20120 (base 3) to base 15.
bc
216 (base 13) to base 4
11211
35360 (base 9) to base 12
11809
What is 479 (base 10) in base 7?
1253
Convert -12300 (base 4) to base 2.
-110110000
What is -87 (base 14) in base 10?
-119
What is 98 (base 10) in base 14?
70
Convert 254a (base 12) to base 7.
15226
What is -2352 (base 6) in base 13?
-350
What is 23567 (base 14) in base 7?
506060
Convert -395 (base 12) to base 15.
-265
Convert 3136 (base 7) to base 6.
5041
11243 (base 5) to base 15
39d
-263e (base 16) to base 8
-23076
What is 111111 (base 2) in base 4?
333
Convert 8b3a (base 15) to base 10.
29530
What is -2612 (base 14) in base 15?
-1ea5
Convert 4324 (base 10) to base 15.
1434
Convert 18240 (base 9) to base 15.
3ae6
Convert 1305 (base 8) to base 13.
427
What is -1113 (base 4) in base 2?
-1010111
-20111 (base 4) to base 12
-385
-12332 (base 4) to base 12
-312
Convert 42101 (base 10) to base 13.
16217
What is 23004 (base 6) in base 13?
1627
3a3 (base 16) to base 14
4a7
-c5 (base 16) to base 11
-16a
4c22 (base 14) to base 3
200022202
-225 (base 13) to base 4
-11301
Convert -2c7 (base 14) to base 16.
-237
-143022 (base 8) to base 11
-35107
Convert 100202 (base 3) to base 11.
21a
Convert -1544 (base 6) to base 4.
-12220
What is 1010011110100 (base 2) in base 11?
4037
2207 (base 11) to base 6
21251
What is 177a (base 13) in base 12?
2021
Convert 1100010011 (base 2) to base 10.
787
-1702 (base 10) to base 3
-2100001
Convert -929 (base 10) to base 16.
-3a1
What is 12034 (base 10) in base 16?
2f02
13121111 (base 4) to base 8
73125
What is -55577 (base 8) in base 12?
-1167b
32322 (base 6) to base 11
3379
What is 10d7 (base 14) in base 15?
d08
-202353 (base 7) to base 16
-86b5
1316 (base 7) to base 10
503
What is -5401 (base 8) in base 12?
-1769
1016 (base 13) to base 5
32331
What is -1112011101 (base 3) in base 16?
-7537
Convert 367 (base 13) to base 6.
2424
Convert 2022 (base 5) to base 11.
219
What is 199a (base 12) in base 5?
100032
Convert -1403 (base 14) to base 16.
-dcb
What is 30 (base 11) in base 5?
113
Convert 14645 (base 8) to base 7.
25066
What is -33322 (base 4) in base 10?
-1018
What is -20655 (base 10) in base 9?
-31300
What is -11110110000 (base 2) in base 10?
-1968
3030112 (base 4) to base 15
3d1d
Convert 300 (base 7) to base 4.
2103
-95a (base 13) to base 5
-22341
Convert -1312202 (base 4) to base 8.
-16642
203 (base 15) to base 13
28b
Convert 10120000 (base 3) to base 14.
d32
Convert -7f8 (base 16) to base 10.
-2040
Convert -399 (base 14) to base 4.
-23103
126 (base 13) to base 6
533
Convert 16157 (base 9) to base 16.
2b3c
-31655 (base 8) to base 4
-3032231
-403 (base 8) to base 9
-317
11222 (base 3) to base 11
112
Convert -4255 (base 14) to base 15.
-35cd
Convert -1201332 (base 4) to base 5.
-200040
1244 (base 12) to base 8
4024
What is 304 (base 7) in base 4?
2113
1d3d (base 14) to base 16
14e3
-14253 (base 14) to base 5
-3043412
What is 15 (base 7) in base 10?
12
Convert -e1 (base 16) to base 3.
-22100
Convert 116a (base 14) to base 9.
4141
1044400 (base 5) to base 7
105410
What is 1521 (base 7) in base 9?
740
1575 (base 11) to base 7
5612
What is 34412 (base 7) in base 8?
21114
What is -22101011 (base 3) in base 16?
-17da
Convert -db (base 14) to base 15.
-cd
-18257 (base 14) to base 9
-102406
117 (base 15) to base 3
100011
10c31 (base 14) to base 7
226661
6057 (base 11) to base 5
224143
c2c (base 16) to base 15
dcb
3105 (base 6) to base 2
1010110001
Convert -1b4f (base 16) to base 14.
-2795
-249 (base 16) to base 8
-1111
Convert -113112 (base 4) to base 2.
-10111010110
-43938 (base 11) to base 4
-33203013
What is -3013 (base 4) in base 15?
-d4
-11110110 (base 2) to base 12
-186
13440 (base 6) to base 8
4100
Convert -202212 (base 3) to base 4.
-20303
-9a (base 13) to base 6
-331
Convert -143155 (base 6) to base 3.
-200202122
-11110000010 (base 2) to base 13
-b4b
Convert 201 (base 7) to base 9.
120
Convert -33502 (base 6) to base 3.
-20110202
Convert 1114043 (base 6) to base 16.
dd2b
What is -382 (base 12) in base 14?
-29c
Convert -502523 (base 6) to base 10.
-39507
Convert -303 (base 9) to base 12.
-186
Convert -15029 (base 11) to base 12.
-10413
What is 1101010001111010 (base 2) in base 6?
1055454
What is 530 (base 14) in base 12?
712
Convert -11223 (base 5) to base 9.
-1103
What is -63860 (base 9) in base 2?
-1010010100001111
-3370 (base 8) to base 11
-1382
-20102 (base 4) to base 14
-29c
-23231 (base 7) to base 15
-1b6b
What is 3388 (base 9) in base 11?
1982
What is -bc1 (base 15) in base 10?
-2656
Convert 1332225 (base 6) to base 13.
27b27
-10301 (base 5) to base 10
-701
Convert 13633 (base 7) to base 15.
119d
90 (base 11) to base 15
69
Convert 1232121 (base 4) to base 14.
2809
Convert -52a (base 15) to base 6.
-5221
What is 10220 (base 4) in base 10?
296
-11863 (base 11) to base 8
-41161
What is -114 (base 11) in base 9?
-161
Convert 172 (base 14) to base 12.
208
What is -52c7 (base 15) in base 7?
-102025
Convert 101011011000011 (base 2) to base 14.
8147
-9d59 (base 15) to base 6
-414320
Convert -322 (base 11) to base 2.
-110000011
What is -43143 (base 5) in base 12?
-1837
Convert -3502 (base 6) to base 10.
-830
Convert -37774 (base 10) to base 14.
-daa2
Convert -714 (base 11) to base 5.
-11422
-3107 (base 15) to base 6
-115541
What is 215 (base 12) in base 7?
614
Convert 40308 (base 10) to base 9.
61256
1200110 (base 4) to base 6
44312
149 (base 11) to base 15
b9
Convert b3 (base 14) to base 4.
2131
Convert 10003 (base 5) to base 16.
274
What is -2141 (base 5) in base 15?
-14b
-56496 (base 10) to base 7
-323466
Convert 10502 (base 7) to base 5.
41043
-10101010001011 (base 2) to base 11
-8201
8cb4 (base 15) to base 16
74ad
-7669 (base 12) to base 7
-53010
979 (base 10) to base 15
454
Convert -516 (base 7) to base 2.
-100000010
What is 1ca6 (base 13) in base 5?
114421
Convert -1104 (base 14) to base 5.
-43234
11949 (base 12) to base 16
5d09
734 (base 10) to base 15
33e
Convert -10a34 (base 12) to base 9.
-33424
-963a (base 11) to base 10
-12748
Convert 12010001 (base 3) to base 5.
104402
What is 3343 (base 10) in base 9?
4524
-4132 (base 7) to base 3
-1222111
-202101000 (base 3) to base 2
-11101000000010
Convert 1308 (base 10) to base 11.
a8a
-34532 (base 6) to base 7
-20303
What is 3098 (base 15) in base 2?
10100000011100
Convert 242 (base 5) to base 4.
1020
30 (base 13) to base 5
124
-1001110011 (base 2) to base 9
-766
Convert -862 (base 11) to base 13.
-619
What is -1144 (base 5) in base 7?
-336
134424 (base 5) to base 7
22240
-3444 (base 5) to base 7
-1312
What is -12002122 (base 3) in base 15?
-117b
Convert -134d (base 14) to base 2.
-110101001001
1410b (base 15) to base 16
fb69
-15013 (base 9) to base 12
-5ab6
75ef (base 16) to base 11
20757
2023 (base 14) to base 13
2687
What is -4815a (base 11) in base 16?
-10f16
cf (base 16) to base 8
317
What is 3183 (base 11) in base 6?
31245
Convert -485 (base 9) to base 12.
-295
-32a (base 16) to base 4
-30222
Convert -675 (base 14) to base 4.
-103333
Convert -3a27 (base 13) to base 3.
-102101221
What is -b340 (base 13) in base 12?
-12386
-3203121 (base 4) to base 9
-21860
What is 1472 (base 13) in base 14?
111c
Convert 538a (base 11) to base 8.
15714
Convert 5c1 (base 14) to base 2.
10001111101
What is 2100 (base 14) in base 13?
2783
What is 735 (base 8) in base 2?
111011101
What is -7244 (base 9) in base 12?
-30a1
What is -2371 (base 11) in base 6?
-22211
Convert 48651 (base 11) to base 12.
3460a
Convert a306 (base 12) to base 3.
220022020
What is -1122 (base 14) in base 15?
-d30
Convert 10110010101101 (base 2) to base 13.
528a
What is -4401 (base 15) in base 16?
-3841
What is -1001212 (base 3) in base 15?
-36e
What is 1320 (base 7) in base 15?
239
Convert 13753 (base 9) to base 5.
244423
0 (base 15) to base 14
0
-777a (base 12) to base 10
-13198
-1763 (base 13) to base 7
-13043
41334 (base 5) to base 6
20331
What is -268b (base 12) in base 7?
-15623
What is 1301 (base 10) in base 4?
110111
1377 (ba